{"id":256,"date":"2025-12-09T16:14:11","date_gmt":"2025-12-09T16:14:11","guid":{"rendered":"http:\/\/northernhunters.org\/?page_id=256"},"modified":"2025-12-20T20:09:43","modified_gmt":"2025-12-20T20:09:43","slug":"o-nama","status":"publish","type":"page","link":"https:\/\/westsiberianlaika.rs\/index.php\/sr\/o-nama\/","title":{"rendered":"O nama"},"content":{"rendered":"\t\t<div data-elementor-type=\"wp-page\" data-elementor-id=\"256\" class=\"elementor elementor-256\">\n\t\t\t\t<div class=\"elementor-element elementor-element-71b4f355 e-flex e-con-boxed e-con e-parent\" data-id=\"71b4f355\" data-element_type=\"container\">\n\t\t\t\t\t<div class=\"e-con-inner\">\n\t\t<div class=\"elementor-element elementor-element-8442d0f e-con-full e-flex e-con e-child\" data-id=\"8442d0f\" data-element_type=\"container\">\n\t\t\t\t<div class=\"elementor-element elementor-element-afe59f4 elementor-widget elementor-widget-flex-hero\" data-id=\"afe59f4\" data-element_type=\"widget\" data-settings=\"{&quot;layout_preset&quot;:&quot;storytelling&quot;,&quot;primary_button_shape&quot;:&quot;round&quot;,&quot;image_shape&quot;:&quot;sharp&quot;,&quot;box_shape&quot;:&quot;sharp&quot;}\" data-widget_type=\"flex-hero.default\">\n\t\t\t\t<div class=\"elementor-widget-container\">\n\t\t\t\t\t\t\t<div class=\"has-shape-sharp shape-type-box ehp-flex-hero has-layout-preset-storytelling\">\n\t\t\t\t\t\t<div class=\"ehp-flex-hero__overlay\"><\/div>\n\t\t\t<div class=\"ehp-flex-hero__content-container\">\n\t\t\t\t<p class=\"ehp-flex-hero__intro\">West Sberian Laika RS<\/p><h2 class=\"ehp-flex-hero__heading\">Strast za prirodom i lovom<\/h2>\t\t\t<div class=\"ehp-flex-hero__ctas-container\">\n\t\t\t\t\t\t\t\t\t\t\t<\/div>\n\t\t\t\t\t<\/div>\n\t\t\t\t<div class=\"ehp-flex-hero__image-wrapper\">\n\t\t\t\t<\/div>\n\t\t\t\t<\/div>\n\t\t\t\t\t\t<\/div>\n\t\t\t\t<\/div>\n\t\t<div class=\"elementor-element elementor-element-ed2516b e-con-full e-flex e-con e-child\" data-id=\"ed2516b\" data-element_type=\"container\">\n\t\t<div class=\"elementor-element elementor-element-e4064bb e-con-full e-flex e-con e-child\" data-id=\"e4064bb\" data-element_type=\"container\" data-settings=\"{&quot;background_background&quot;:&quot;classic&quot;}\">\n\t\t\t\t<div class=\"elementor-element elementor-element-b9b79d6 elementor-widget elementor-widget-cta\" data-id=\"b9b79d6\" data-element_type=\"widget\" data-settings=\"{&quot;layout_preset&quot;:&quot;streamline&quot;,&quot;primary_button_shape&quot;:&quot;round&quot;,&quot;content_alignment&quot;:&quot;center&quot;,&quot;content_alignment_tablet&quot;:&quot;center&quot;,&quot;content_alignment_mobile&quot;:&quot;center&quot;,&quot;cta_width&quot;:&quot;default&quot;,&quot;cta_position&quot;:&quot;default&quot;,&quot;box_shape&quot;:&quot;sharp&quot;}\" data-widget_type=\"cta.default\">\n\t\t\t\t<div class=\"elementor-widget-container\">\n\t\t\t\t\t\t\t<div class=\"has-shape-sharp shape-type-box ehp-cta has-preset-streamline\">\n\t\t\t<div class=\"ehp-cta__overlay\"><\/div>\n\t\t\t<div class=\"ehp-cta__elements-container\">\n\t\t\t\t\t\t<div class=\"ehp-cta__text-container\">\n\t\t\t<h2 class=\"ehp-cta__heading\">na\u0161a pri\u010da<\/h2><p class=\"ehp-cta__description\">Nakon skoro trideset godina aktivnog bavljenja lovom, sokolarstvom i lovnom kinologijom, kako u svojoj rodnoj Srbiji, tako i u ne\u0161to kra\u0107em periodu u Skandinaviji, Vladan Jevti\u0107 je osnovao ovaj vebsajt kao platformu posve\u0107enu promociji lova\u010dkih pasa \u0161pic tipa i tradicionalnog lova sa psima.\n\nTokom svoje karijere njegovo iskustvo obuhvata lov na krupnu i sitnu divlja\u010d, dugogodi\u0161nji prakti\u010dan rad sa lova\u010dkim psima, kao i aktivno u\u010de\u0161\u0107e u uzgoju divlja\u010di. Vodio je lova\u010dke ekipe, organizovao i sprovodio lovove, i intenzivno radio sa nordijskim \u0161pic rasama. Tako\u0111e je projektovao i izgra\u0111ivao tehni\u010dke strukture za lov i \u0161umarstvo, kao \u0161to su visoke \u010deke, hranili\u0161ta, zakloni i male drvene konstrukcije.\n\nTokom boravka u Skandinaviji, \u017eiveo je i aktivno lovio, dodatno pro\u0161iruju\u0107i svoje znanje kroz intenzivnu terensku praksu i specijalizovane kurseve vezane za lov i upravljanje divlja\u010di. Pisao je i objavljivao \u010dlanke o lajkama i nordijskim \u0161pic rasama u Nacionalnom lova\u010dkom Magazinu \"Lorist\", doprinose\u0107i promociji ovih rasa i lova\u010dkog znanja u Srbiji.\n\nDanas, zajedno sa nekoliko svojih najbli\u017eih prijatelja lovaca sa kojima je delio bezbroj nezaboravnih avantura i godine rada na promociji nordijskih \u0161pic rasa osnovao je peto\u010dlani tim. Sa ovim timom kre\u0107e na velike lova\u010dke ekspedicije koje \u0107e biti profesionalno snimane i dokumentovane, ne samo radi prikazivanja lova\u010dkih ve\u0161tina, ve\u0107 i za o\u010duvanje i promociju tradicionalnog lova, lova\u010dke kulture i znanja o lova\u010dkim psima. \n\nLicence i kvalifikacije:\n\nLova\u010dka diploma  Republike Srbije (1998),\n\n\u0160vedski lova\u010dki ispit,\n\nSertifikat za pra\u0107enje \/ krvni trag (\u0160vedska),\n\nSokolarski ispit (Srbija), sertifikovana prema IAF standardima (2010),\n\n\u0160vedski Sertifikat o zavr\u0161enoj edukaciji \u2013 \u0160ume i visoka divlja\u010d<\/p>\t\t<\/div>\n\t\t\t\t\t<div class=\"ehp-cta__ctas-container has-cta-width-default\">\n\t\t\t\t<div class=\"ehp-cta__buttons-wrapper\">\n\t\t\t\t\t\t\t\t\t\t\t\t\t\t<\/div>\n\t\t\t<\/div>\n\t\t\t\t\t<\/div>\n\t\t<\/div>\n\t\t\t\t\t\t<\/div>\n\t\t\t\t<\/div>\n\t\t\t\t<div class=\"elementor-element elementor-element-1a9f348 elementor-view-default elementor-widget elementor-widget-icon\" data-id=\"1a9f348\" data-element_type=\"widget\" data-widget_type=\"icon.default\">\n\t\t\t\t\t\t\t<div class=\"elementor-icon-wrapper\">\n\t\t\t<div class=\"elementor-icon\">\n\t\t\t<svg aria-hidden=\"true\" class=\"e-font-icon-svg e-fas-book\" viewBox=\"0 0 448 512\" xmlns=\"http:\/\/www.w3.org\/2000\/svg\"><path d=\"M448 360V24c0-13.3-10.7-24-24-24H96C43 0 0 43 0 96v320c0 53 43 96 96 96h328c13.3 0 24-10.7 24-24v-16c0-7.5-3.5-14.3-8.9-18.7-4.2-15.4-4.2-59.3 0-74.7 5.4-4.3 8.9-11.1 8.9-18.6zM128 134c0-3.3 2.7-6 6-6h212c3.3 0 6 2.7 6 6v20c0 3.3-2.7 6-6 6H134c-3.3 0-6-2.7-6-6v-20zm0 64c0-3.3 2.7-6 6-6h212c3.3 0 6 2.7 6 6v20c0 3.3-2.7 6-6 6H134c-3.3 0-6-2.7-6-6v-20zm253.4 250H96c-17.7 0-32-14.3-32-32 0-17.6 14.4-32 32-32h285.4c-1.9 17.1-1.9 46.9 0 64z\"><\/path><\/svg>\t\t\t<\/div>\n\t\t<\/div>\n\t\t\t\t\t\t<\/div>\n\t\t\t\t<\/div>\n\t\t<div class=\"elementor-element elementor-element-516cc9e e-con-full e-flex e-con e-child\" data-id=\"516cc9e\" data-element_type=\"container\">\n\t\t\t\t<div class=\"elementor-element elementor-element-e4fc5d5 elementor-absolute elementor-widget elementor-widget-text-path\" data-id=\"e4fc5d5\" data-element_type=\"widget\" data-settings=\"{&quot;_position&quot;:&quot;absolute&quot;,&quot;link&quot;:{&quot;url&quot;:&quot;&quot;,&quot;is_external&quot;:&quot;&quot;,&quot;nofollow&quot;:&quot;&quot;,&quot;custom_attributes&quot;:&quot;&quot;},&quot;start_point&quot;:{&quot;unit&quot;:&quot;%&quot;,&quot;size&quot;:0,&quot;sizes&quot;:[]}}\" data-widget_type=\"text-path.default\">\n\t\t\t\t\t\t\t<div class=\"e-text-path\" data-text=\"\" data-url=\"\/\/westsiberianlaika.rs\/wp-content\/plugins\/elementor\/assets\/svg-paths\/wave.svg\" data-link-url=\"\"><\/div>\n\t\t\t\t\t\t<\/div>\n\t\t\t\t<div class=\"elementor-element elementor-element-1c50e35 elementor-widget elementor-widget-image\" data-id=\"1c50e35\" data-element_type=\"widget\" data-widget_type=\"image.default\">\n\t\t\t\t\t\t\t\t\t\t\t\t\t\t\t<img fetchpriority=\"high\" decoding=\"async\" width=\"800\" height=\"800\" src=\"https:\/\/westsiberianlaika.rs\/wp-content\/uploads\/2025\/12\/oie_3232050mzlQV7Lh.jpg\" class=\"attachment-1536x1536 size-1536x1536 wp-image-1154\" alt=\"\" srcset=\"https:\/\/westsiberianlaika.rs\/wp-content\/uploads\/2025\/12\/oie_3232050mzlQV7Lh.jpg 800w, https:\/\/westsiberianlaika.rs\/wp-content\/uploads\/2025\/12\/oie_3232050mzlQV7Lh-300x300.jpg 300w, https:\/\/westsiberianlaika.rs\/wp-content\/uploads\/2025\/12\/oie_3232050mzlQV7Lh-150x150.jpg 150w, https:\/\/westsiberianlaika.rs\/wp-content\/uploads\/2025\/12\/oie_3232050mzlQV7Lh-768x768.jpg 768w\" sizes=\"(max-width: 800px) 100vw, 800px\" \/>\t\t\t\t\t\t\t\t\t\t\t\t\t\t\t<\/div>\n\t\t\t\t<\/div>\n\t\t\t\t<\/div>\n\t\t\t\t<\/div>\n\t\t\t\t\t<\/div>\n\t\t\t\t<\/div>\n\t\t\t\t<\/div>\n\t\t","protected":false},"excerpt":{"rendered":"<p>West Sberian Laika RS Strast za prirodom i lovom na\u0161a pri\u010da Nakon skoro trideset godina aktivnog bavljenja lovom, sokolarstvom i lovnom kinologijom, kako u svojoj rodnoj Srbiji, tako i u ne\u0161to kra\u0107em periodu u Skandinaviji, Vladan Jevti\u0107 je osnovao ovaj vebsajt kao platformu posve\u0107enu promociji lova\u010dkih pasa \u0161pic tipa i tradicionalnog lova sa psima. Tokom [&hellip;]<\/p>\n","protected":false},"author":1,"featured_media":0,"parent":0,"menu_order":0,"comment_status":"closed","ping_status":"closed","template":"","meta":{"footnotes":""},"class_list":["post-256","page","type-page","status-publish","hentry"],"aioseo_notices":[],"_links":{"self":[{"href":"https:\/\/westsiberianlaika.rs\/index.php\/wp-json\/wp\/v2\/pages\/256","targetHints":{"allow":["GET"]}}],"collection":[{"href":"https:\/\/westsiberianlaika.rs\/index.php\/wp-json\/wp\/v2\/pages"}],"about":[{"href":"https:\/\/westsiberianlaika.rs\/index.php\/wp-json\/wp\/v2\/types\/page"}],"author":[{"embeddable":true,"href":"https:\/\/westsiberianlaika.rs\/index.php\/wp-json\/wp\/v2\/users\/1"}],"replies":[{"embeddable":true,"href":"https:\/\/westsiberianlaika.rs\/index.php\/wp-json\/wp\/v2\/comments?post=256"}],"version-history":[{"count":19,"href":"https:\/\/westsiberianlaika.rs\/index.php\/wp-json\/wp\/v2\/pages\/256\/revisions"}],"predecessor-version":[{"id":1928,"href":"https:\/\/westsiberianlaika.rs\/index.php\/wp-json\/wp\/v2\/pages\/256\/revisions\/1928"}],"wp:attachment":[{"href":"https:\/\/westsiberianlaika.rs\/index.php\/wp-json\/wp\/v2\/media?parent=256"}],"curies":[{"name":"wp","href":"https:\/\/api.w.org\/{rel}","templated":true}]}}